{"id":583,"date":"2024-01-18T14:41:07","date_gmt":"2024-01-18T14:41:07","guid":{"rendered":"https:\/\/unikal.ac.cd\/?page_id=583"},"modified":"2024-01-18T16:49:35","modified_gmt":"2024-01-18T16:49:35","slug":"partenariat-unikal-pam-lunivers-de-kalemie-sur-les-missions-du-programme-alimentaire-mondial-et-la-resilience-des-populations-du-tanganyika-face-a-ses-actions-le-territoire-de-nyunzu-accue","status":"publish","type":"page","link":"https:\/\/unikal.ac.cd\/index.php\/partenariat-unikal-pam-lunivers-de-kalemie-sur-les-missions-du-programme-alimentaire-mondial-et-la-resilience-des-populations-du-tanganyika-face-a-ses-actions-le-territoire-de-nyunzu-accue\/","title":{"rendered":"PARTENARIAT UNIKAL &#8211; PAM :\u00a0 L&#8217;UNIVERS DE KALEMIE SUR LES MISSIONS DU PROGRAMME ALIMENTAIRE MONDIAL ET LA R\u00c9SILIENCE DES POPULATIONS DU TANGANYIKA FACE \u00c0 SES ACTIONS.LE TERRITOIRE DE NYUNZU ACCUEILLE UNE \u00c9QUIPE MIXTE"},"content":{"rendered":"\t\t<div data-elementor-type=\"wp-page\" data-elementor-id=\"583\" class=\"elementor elementor-583\">\n\t\t\t\t\t\t<section class=\"elementor-section elementor-top-section elementor-element elementor-element-a1024c8 elementor-section-stretched elementor-section-boxed elementor-section-height-default elementor-section-height-default\" data-id=\"a1024c8\" data-element_type=\"section\" data-e-type=\"section\" data-settings=\"{&quot;stretch_section&quot;:&quot;section-stretched&quot;}\">\n\t\t\t\t\t\t<div class=\"elementor-container elementor-column-gap-default\">\n\t\t\t\t\t<div class=\"elementor-column elementor-col-100 elementor-top-column elementor-element elementor-element-6ca0795\" data-id=\"6ca0795\" data-element_type=\"column\" data-e-type=\"column\">\n\t\t\t<div class=\"elementor-widget-wrap elementor-element-populated\">\n\t\t\t\t\t\t<div class=\"elementor-element elementor-element-f14c1b8 elementor-widget elementor-widget-heading\" data-id=\"f14c1b8\" data-element_type=\"widget\" data-e-type=\"widget\" data-widget_type=\"heading.default\">\n\t\t\t\t<div class=\"elementor-widget-container\">\n\t\t\t\t\t<h2 class=\"elementor-heading-title elementor-size-default\">L'UNIVERS DE KALEMIE SUR LES MISSIONS DU PROGRAMME ALIMENTAIRE MONDIAL ET LA R\u00c9SILIENCE DES POPULATIONS DU TANGANYIKA FACE \u00c0 SES ACTIONS.<\/h2>\t\t\t\t<\/div>\n\t\t\t\t<\/div>\n\t\t\t\t\t<\/div>\n\t\t<\/div>\n\t\t\t\t\t<\/div>\n\t\t<\/section>\n\t\t\t\t<section class=\"elementor-section elementor-top-section elementor-element elementor-element-deda2b0 elementor-section-stretched elementor-section-boxed elementor-section-height-default elementor-section-height-default\" data-id=\"deda2b0\" data-element_type=\"section\" data-e-type=\"section\" data-settings=\"{&quot;stretch_section&quot;:&quot;section-stretched&quot;}\">\n\t\t\t\t\t\t<div class=\"elementor-container elementor-column-gap-default\">\n\t\t\t\t\t<div class=\"elementor-column elementor-col-50 elementor-top-column elementor-element elementor-element-8860a7a\" data-id=\"8860a7a\" data-element_type=\"column\" data-e-type=\"column\">\n\t\t\t<div class=\"elementor-widget-wrap elementor-element-populated\">\n\t\t\t\t\t\t<div class=\"elementor-element elementor-element-8a8ac0f elementor-widget elementor-widget-text-editor\" data-id=\"8a8ac0f\" data-element_type=\"widget\" data-e-type=\"widget\" data-widget_type=\"text-editor.default\">\n\t\t\t\t<div class=\"elementor-widget-container\">\n\t\t\t\t\t\t\t\t\t<p>L&#8217;Universit\u00e9 de Kalemie en miroir du secteur universitaire dans le Tanganyika, noue des partenariats solides avec plusieurs organisations internationales et surtout celles du syst\u00e8me des Nations Unies dans l&#8217;unique mission de promouvoir la recherche de son personnel scientifique, des \u00e9tudiants mais \u00e9galement appuyer ces derni\u00e8res dans la collecte des donn\u00e9es d\u00e9mographiques, cartographiques, bref des informations pouvant leur aider \u00e0 mieux impl\u00e9menter de projets de d\u00e9veloppement et de r\u00e9silience au b\u00e9n\u00e9fice des populations locales.<br \/>C&#8217;est dans cette perspective scientifique, que la prestigieuse Universit\u00e9 de Kalemie, depuis un bout de temps raffermie ses relations avec le Programme Alimentaire Mondial, PAM en sigle, Bureau de Kalemie.<br \/>Ce partenariat est le fruit\u00a0 \u00e0 ce jour de la descente mixte entre le personnel scientifique, \u00e9tudiants et humanitaires du PAM dans le territoire de Nyunzu dans le cadre des enqu\u00eates portant sur le d\u00e9nombrement des m\u00e9nages.<\/p>\t\t\t\t\t\t\t\t<\/div>\n\t\t\t\t<\/div>\n\t\t\t\t\t<\/div>\n\t\t<\/div>\n\t\t\t\t<div class=\"elementor-column elementor-col-50 elementor-top-column elementor-element elementor-element-5904102\" data-id=\"5904102\" data-element_type=\"column\" data-e-type=\"column\">\n\t\t\t<div class=\"elementor-widget-wrap elementor-element-populated\">\n\t\t\t\t\t\t<div class=\"elementor-element elementor-element-8ec4487 elementor-widget elementor-widget-image\" data-id=\"8ec4487\" data-element_type=\"widget\" data-e-type=\"widget\" data-widget_type=\"image.default\">\n\t\t\t\t<div class=\"elementor-widget-container\">\n\t\t\t\t\t\t\t\t\t\t\t\t\t\t\t<img fetchpriority=\"high\" decoding=\"async\" width=\"316\" height=\"159\" src=\"https:\/\/unikal.ac.cd\/wp-content\/uploads\/2024\/01\/download-2.png\" class=\"attachment-large size-large wp-image-579\" alt=\"\" \/>\t\t\t\t\t\t\t\t\t\t\t\t\t\t\t<\/div>\n\t\t\t\t<\/div>\n\t\t\t\t\t<\/div>\n\t\t<\/div>\n\t\t\t\t\t<\/div>\n\t\t<\/section>\n\t\t\t\t<\/div>\n\t\t","protected":false},"excerpt":{"rendered":"<p>L&#8217;UNIVERS DE KALEMIE SUR LES MISSIONS DU PROGRAMME ALIMENTAIRE MONDIAL ET LA R\u00c9SILIENCE DES POPULATIONS DU TANGANYIKA FACE \u00c0 SES ACTIONS. L&#8217;Universit\u00e9 de Kalemie en miroir du secteur universitaire dans le Tanganyika, noue des partenariats solides avec plusieurs organisations internationales et surtout celles du syst\u00e8me des Nations Unies dans l&#8217;unique mission de promouvoir la recherche&hellip;<\/p>\n","protected":false},"author":1,"featured_media":579,"parent":0,"menu_order":0,"comment_status":"closed","ping_status":"closed","template":"elementor_header_footer","meta":{"om_disable_all_campaigns":false,"_monsterinsights_skip_tracking":false,"_monsterinsights_sitenote_active":false,"_monsterinsights_sitenote_note":"","_monsterinsights_sitenote_category":0,"_uf_show_specific_survey":0,"_uf_disable_surveys":false,"footnotes":""},"class_list":["post-583","page","type-page","status-publish","has-post-thumbnail","hentry"],"yoast_head":"<!-- This site is optimized with the Yoast SEO plugin v26.9 - https:\/\/yoast.com\/product\/yoast-seo-wordpress\/ -->\n<title>PARTENARIAT UNIKAL - PAM :\u00a0 L&#039;UNIVERS DE KALEMIE SUR LES MISSIONS DU PROGRAMME ALIMENTAIRE MONDIAL ET LA R\u00c9SILIENCE DES POPULATIONS DU TANGANYIKA FACE \u00c0 SES ACTIONS.LE TERRITOIRE DE NYUNZU ACCUEILLE UNE \u00c9QUIPE MIXTE - Universit\u00e9 de Kalemie<\/title>\n<meta name=\"robots\" content=\"index, follow, max-snippet:-1, max-image-preview:large, max-video-preview:-1\" \/>\n<link rel=\"canonical\" href=\"https:\/\/unikal.ac.cd\/index.php\/partenariat-unikal-pam-lunivers-de-kalemie-sur-les-missions-du-programme-alimentaire-mondial-et-la-resilience-des-populations-du-tanganyika-face-a-ses-actions-le-territoire-de-nyunzu-accue\/\" \/>\n<meta property=\"og:locale\" content=\"en_US\" \/>\n<meta property=\"og:type\" content=\"article\" \/>\n<meta property=\"og:title\" content=\"PARTENARIAT UNIKAL - PAM :\u00a0 L&#039;UNIVERS DE KALEMIE SUR LES MISSIONS DU PROGRAMME ALIMENTAIRE MONDIAL ET LA R\u00c9SILIENCE DES POPULATIONS DU TANGANYIKA FACE \u00c0 SES ACTIONS.LE TERRITOIRE DE NYUNZU ACCUEILLE UNE \u00c9QUIPE MIXTE - Universit\u00e9 de Kalemie\" \/>\n<meta property=\"og:description\" content=\"L&#8217;UNIVERS DE KALEMIE SUR LES MISSIONS DU PROGRAMME ALIMENTAIRE MONDIAL ET LA R\u00c9SILIENCE DES POPULATIONS DU TANGANYIKA FACE \u00c0 SES ACTIONS. L&#8217;Universit\u00e9 de Kalemie en miroir du secteur universitaire dans le Tanganyika, noue des partenariats solides avec plusieurs organisations internationales et surtout celles du syst\u00e8me des Nations Unies dans l&#8217;unique mission de promouvoir la recherche&hellip;\" \/>\n<meta property=\"og:url\" content=\"https:\/\/unikal.ac.cd\/index.php\/partenariat-unikal-pam-lunivers-de-kalemie-sur-les-missions-du-programme-alimentaire-mondial-et-la-resilience-des-populations-du-tanganyika-face-a-ses-actions-le-territoire-de-nyunzu-accue\/\" \/>\n<meta property=\"og:site_name\" content=\"Universit\u00e9 de Kalemie\" \/>\n<meta property=\"article:modified_time\" content=\"2024-01-18T16:49:35+00:00\" \/>\n<meta property=\"og:image\" content=\"https:\/\/unikal.ac.cd\/wp-content\/uploads\/2024\/01\/download-2.png\" \/>\n\t<meta property=\"og:image:width\" content=\"316\" \/>\n\t<meta property=\"og:image:height\" content=\"159\" \/>\n\t<meta property=\"og:image:type\" content=\"image\/png\" \/>\n<meta name=\"twitter:card\" content=\"summary_large_image\" \/>\n<meta name=\"twitter:label1\" content=\"Est. reading time\" \/>\n\t<meta name=\"twitter:data1\" content=\"2 minutes\" \/>\n<script type=\"application\/ld+json\" class=\"yoast-schema-graph\">{\"@context\":\"https:\/\/schema.org\",\"@graph\":[{\"@type\":\"WebPage\",\"@id\":\"https:\/\/unikal.ac.cd\/index.php\/partenariat-unikal-pam-lunivers-de-kalemie-sur-les-missions-du-programme-alimentaire-mondial-et-la-resilience-des-populations-du-tanganyika-face-a-ses-actions-le-territoire-de-nyunzu-accue\/\",\"url\":\"https:\/\/unikal.ac.cd\/index.php\/partenariat-unikal-pam-lunivers-de-kalemie-sur-les-missions-du-programme-alimentaire-mondial-et-la-resilience-des-populations-du-tanganyika-face-a-ses-actions-le-territoire-de-nyunzu-accue\/\",\"name\":\"PARTENARIAT UNIKAL - PAM :\u00a0 L'UNIVERS DE KALEMIE SUR LES MISSIONS DU PROGRAMME ALIMENTAIRE MONDIAL ET LA R\u00c9SILIENCE DES POPULATIONS DU TANGANYIKA FACE \u00c0 SES ACTIONS.LE TERRITOIRE DE NYUNZU ACCUEILLE UNE \u00c9QUIPE MIXTE - Universit\u00e9 de Kalemie\",\"isPartOf\":{\"@id\":\"https:\/\/unikal.ac.cd\/#website\"},\"primaryImageOfPage\":{\"@id\":\"https:\/\/unikal.ac.cd\/index.php\/partenariat-unikal-pam-lunivers-de-kalemie-sur-les-missions-du-programme-alimentaire-mondial-et-la-resilience-des-populations-du-tanganyika-face-a-ses-actions-le-territoire-de-nyunzu-accue\/#primaryimage\"},\"image\":{\"@id\":\"https:\/\/unikal.ac.cd\/index.php\/partenariat-unikal-pam-lunivers-de-kalemie-sur-les-missions-du-programme-alimentaire-mondial-et-la-resilience-des-populations-du-tanganyika-face-a-ses-actions-le-territoire-de-nyunzu-accue\/#primaryimage\"},\"thumbnailUrl\":\"https:\/\/unikal.ac.cd\/wp-content\/uploads\/2024\/01\/download-2.png\",\"datePublished\":\"2024-01-18T14:41:07+00:00\",\"dateModified\":\"2024-01-18T16:49:35+00:00\",\"breadcrumb\":{\"@id\":\"https:\/\/unikal.ac.cd\/index.php\/partenariat-unikal-pam-lunivers-de-kalemie-sur-les-missions-du-programme-alimentaire-mondial-et-la-resilience-des-populations-du-tanganyika-face-a-ses-actions-le-territoire-de-nyunzu-accue\/#breadcrumb\"},\"inLanguage\":\"en-US\",\"potentialAction\":[{\"@type\":\"ReadAction\",\"target\":[\"https:\/\/unikal.ac.cd\/index.php\/partenariat-unikal-pam-lunivers-de-kalemie-sur-les-missions-du-programme-alimentaire-mondial-et-la-resilience-des-populations-du-tanganyika-face-a-ses-actions-le-territoire-de-nyunzu-accue\/\"]}]},{\"@type\":\"ImageObject\",\"inLanguage\":\"en-US\",\"@id\":\"https:\/\/unikal.ac.cd\/index.php\/partenariat-unikal-pam-lunivers-de-kalemie-sur-les-missions-du-programme-alimentaire-mondial-et-la-resilience-des-populations-du-tanganyika-face-a-ses-actions-le-territoire-de-nyunzu-accue\/#primaryimage\",\"url\":\"https:\/\/unikal.ac.cd\/wp-content\/uploads\/2024\/01\/download-2.png\",\"contentUrl\":\"https:\/\/unikal.ac.cd\/wp-content\/uploads\/2024\/01\/download-2.png\",\"width\":316,\"height\":159},{\"@type\":\"BreadcrumbList\",\"@id\":\"https:\/\/unikal.ac.cd\/index.php\/partenariat-unikal-pam-lunivers-de-kalemie-sur-les-missions-du-programme-alimentaire-mondial-et-la-resilience-des-populations-du-tanganyika-face-a-ses-actions-le-territoire-de-nyunzu-accue\/#breadcrumb\",\"itemListElement\":[{\"@type\":\"ListItem\",\"position\":1,\"name\":\"Home\",\"item\":\"https:\/\/unikal.ac.cd\/\"},{\"@type\":\"ListItem\",\"position\":2,\"name\":\"PARTENARIAT UNIKAL &#8211; PAM :\u00a0 L&#8217;UNIVERS DE KALEMIE SUR LES MISSIONS DU PROGRAMME ALIMENTAIRE MONDIAL ET LA R\u00c9SILIENCE DES POPULATIONS DU TANGANYIKA FACE \u00c0 SES ACTIONS.LE TERRITOIRE DE NYUNZU ACCUEILLE UNE \u00c9QUIPE MIXTE\"}]},{\"@type\":\"WebSite\",\"@id\":\"https:\/\/unikal.ac.cd\/#website\",\"url\":\"https:\/\/unikal.ac.cd\/\",\"name\":\"Universit\u00e9 de Kalemie\",\"description\":\"Lumi\u00e8re du Tanganyika\",\"publisher\":{\"@id\":\"https:\/\/unikal.ac.cd\/#organization\"},\"potentialAction\":[{\"@type\":\"SearchAction\",\"target\":{\"@type\":\"EntryPoint\",\"urlTemplate\":\"https:\/\/unikal.ac.cd\/?s={search_term_string}\"},\"query-input\":{\"@type\":\"PropertyValueSpecification\",\"valueRequired\":true,\"valueName\":\"search_term_string\"}}],\"inLanguage\":\"en-US\"},{\"@type\":\"Organization\",\"@id\":\"https:\/\/unikal.ac.cd\/#organization\",\"name\":\"Universit\u00e9 de Kalemie\",\"url\":\"https:\/\/unikal.ac.cd\/\",\"logo\":{\"@type\":\"ImageObject\",\"inLanguage\":\"en-US\",\"@id\":\"https:\/\/unikal.ac.cd\/#\/schema\/logo\/image\/\",\"url\":\"https:\/\/unikal.ac.cd\/wp-content\/uploads\/2023\/08\/logo-unikal_013249.png\",\"contentUrl\":\"https:\/\/unikal.ac.cd\/wp-content\/uploads\/2023\/08\/logo-unikal_013249.png\",\"width\":2100,\"height\":1500,\"caption\":\"Universit\u00e9 de Kalemie\"},\"image\":{\"@id\":\"https:\/\/unikal.ac.cd\/#\/schema\/logo\/image\/\"}}]}<\/script>\n<!-- \/ Yoast SEO plugin. -->","yoast_head_json":{"title":"PARTENARIAT UNIKAL - PAM :\u00a0 L'UNIVERS DE KALEMIE SUR LES MISSIONS DU PROGRAMME ALIMENTAIRE MONDIAL ET LA R\u00c9SILIENCE DES POPULATIONS DU TANGANYIKA FACE \u00c0 SES ACTIONS.LE TERRITOIRE DE NYUNZU ACCUEILLE UNE \u00c9QUIPE MIXTE - Universit\u00e9 de Kalemie","robots":{"index":"index","follow":"follow","max-snippet":"max-snippet:-1","max-image-preview":"max-image-preview:large","max-video-preview":"max-video-preview:-1"},"canonical":"https:\/\/unikal.ac.cd\/index.php\/partenariat-unikal-pam-lunivers-de-kalemie-sur-les-missions-du-programme-alimentaire-mondial-et-la-resilience-des-populations-du-tanganyika-face-a-ses-actions-le-territoire-de-nyunzu-accue\/","og_locale":"en_US","og_type":"article","og_title":"PARTENARIAT UNIKAL - PAM :\u00a0 L'UNIVERS DE KALEMIE SUR LES MISSIONS DU PROGRAMME ALIMENTAIRE MONDIAL ET LA R\u00c9SILIENCE DES POPULATIONS DU TANGANYIKA FACE \u00c0 SES ACTIONS.LE TERRITOIRE DE NYUNZU ACCUEILLE UNE \u00c9QUIPE MIXTE - Universit\u00e9 de Kalemie","og_description":"L&#8217;UNIVERS DE KALEMIE SUR LES MISSIONS DU PROGRAMME ALIMENTAIRE MONDIAL ET LA R\u00c9SILIENCE DES POPULATIONS DU TANGANYIKA FACE \u00c0 SES ACTIONS. L&#8217;Universit\u00e9 de Kalemie en miroir du secteur universitaire dans le Tanganyika, noue des partenariats solides avec plusieurs organisations internationales et surtout celles du syst\u00e8me des Nations Unies dans l&#8217;unique mission de promouvoir la recherche&hellip;","og_url":"https:\/\/unikal.ac.cd\/index.php\/partenariat-unikal-pam-lunivers-de-kalemie-sur-les-missions-du-programme-alimentaire-mondial-et-la-resilience-des-populations-du-tanganyika-face-a-ses-actions-le-territoire-de-nyunzu-accue\/","og_site_name":"Universit\u00e9 de Kalemie","article_modified_time":"2024-01-18T16:49:35+00:00","og_image":[{"width":316,"height":159,"url":"https:\/\/unikal.ac.cd\/wp-content\/uploads\/2024\/01\/download-2.png","type":"image\/png"}],"twitter_card":"summary_large_image","twitter_misc":{"Est. reading time":"2 minutes"},"schema":{"@context":"https:\/\/schema.org","@graph":[{"@type":"WebPage","@id":"https:\/\/unikal.ac.cd\/index.php\/partenariat-unikal-pam-lunivers-de-kalemie-sur-les-missions-du-programme-alimentaire-mondial-et-la-resilience-des-populations-du-tanganyika-face-a-ses-actions-le-territoire-de-nyunzu-accue\/","url":"https:\/\/unikal.ac.cd\/index.php\/partenariat-unikal-pam-lunivers-de-kalemie-sur-les-missions-du-programme-alimentaire-mondial-et-la-resilience-des-populations-du-tanganyika-face-a-ses-actions-le-territoire-de-nyunzu-accue\/","name":"PARTENARIAT UNIKAL - PAM :\u00a0 L'UNIVERS DE KALEMIE SUR LES MISSIONS DU PROGRAMME ALIMENTAIRE MONDIAL ET LA R\u00c9SILIENCE DES POPULATIONS DU TANGANYIKA FACE \u00c0 SES ACTIONS.LE TERRITOIRE DE NYUNZU ACCUEILLE UNE \u00c9QUIPE MIXTE - Universit\u00e9 de Kalemie","isPartOf":{"@id":"https:\/\/unikal.ac.cd\/#website"},"primaryImageOfPage":{"@id":"https:\/\/unikal.ac.cd\/index.php\/partenariat-unikal-pam-lunivers-de-kalemie-sur-les-missions-du-programme-alimentaire-mondial-et-la-resilience-des-populations-du-tanganyika-face-a-ses-actions-le-territoire-de-nyunzu-accue\/#primaryimage"},"image":{"@id":"https:\/\/unikal.ac.cd\/index.php\/partenariat-unikal-pam-lunivers-de-kalemie-sur-les-missions-du-programme-alimentaire-mondial-et-la-resilience-des-populations-du-tanganyika-face-a-ses-actions-le-territoire-de-nyunzu-accue\/#primaryimage"},"thumbnailUrl":"https:\/\/unikal.ac.cd\/wp-content\/uploads\/2024\/01\/download-2.png","datePublished":"2024-01-18T14:41:07+00:00","dateModified":"2024-01-18T16:49:35+00:00","breadcrumb":{"@id":"https:\/\/unikal.ac.cd\/index.php\/partenariat-unikal-pam-lunivers-de-kalemie-sur-les-missions-du-programme-alimentaire-mondial-et-la-resilience-des-populations-du-tanganyika-face-a-ses-actions-le-territoire-de-nyunzu-accue\/#breadcrumb"},"inLanguage":"en-US","potentialAction":[{"@type":"ReadAction","target":["https:\/\/unikal.ac.cd\/index.php\/partenariat-unikal-pam-lunivers-de-kalemie-sur-les-missions-du-programme-alimentaire-mondial-et-la-resilience-des-populations-du-tanganyika-face-a-ses-actions-le-territoire-de-nyunzu-accue\/"]}]},{"@type":"ImageObject","inLanguage":"en-US","@id":"https:\/\/unikal.ac.cd\/index.php\/partenariat-unikal-pam-lunivers-de-kalemie-sur-les-missions-du-programme-alimentaire-mondial-et-la-resilience-des-populations-du-tanganyika-face-a-ses-actions-le-territoire-de-nyunzu-accue\/#primaryimage","url":"https:\/\/unikal.ac.cd\/wp-content\/uploads\/2024\/01\/download-2.png","contentUrl":"https:\/\/unikal.ac.cd\/wp-content\/uploads\/2024\/01\/download-2.png","width":316,"height":159},{"@type":"BreadcrumbList","@id":"https:\/\/unikal.ac.cd\/index.php\/partenariat-unikal-pam-lunivers-de-kalemie-sur-les-missions-du-programme-alimentaire-mondial-et-la-resilience-des-populations-du-tanganyika-face-a-ses-actions-le-territoire-de-nyunzu-accue\/#breadcrumb","itemListElement":[{"@type":"ListItem","position":1,"name":"Home","item":"https:\/\/unikal.ac.cd\/"},{"@type":"ListItem","position":2,"name":"PARTENARIAT UNIKAL &#8211; PAM :\u00a0 L&#8217;UNIVERS DE KALEMIE SUR LES MISSIONS DU PROGRAMME ALIMENTAIRE MONDIAL ET LA R\u00c9SILIENCE DES POPULATIONS DU TANGANYIKA FACE \u00c0 SES ACTIONS.LE TERRITOIRE DE NYUNZU ACCUEILLE UNE \u00c9QUIPE MIXTE"}]},{"@type":"WebSite","@id":"https:\/\/unikal.ac.cd\/#website","url":"https:\/\/unikal.ac.cd\/","name":"Universit\u00e9 de Kalemie","description":"Lumi\u00e8re du Tanganyika","publisher":{"@id":"https:\/\/unikal.ac.cd\/#organization"},"potentialAction":[{"@type":"SearchAction","target":{"@type":"EntryPoint","urlTemplate":"https:\/\/unikal.ac.cd\/?s={search_term_string}"},"query-input":{"@type":"PropertyValueSpecification","valueRequired":true,"valueName":"search_term_string"}}],"inLanguage":"en-US"},{"@type":"Organization","@id":"https:\/\/unikal.ac.cd\/#organization","name":"Universit\u00e9 de Kalemie","url":"https:\/\/unikal.ac.cd\/","logo":{"@type":"ImageObject","inLanguage":"en-US","@id":"https:\/\/unikal.ac.cd\/#\/schema\/logo\/image\/","url":"https:\/\/unikal.ac.cd\/wp-content\/uploads\/2023\/08\/logo-unikal_013249.png","contentUrl":"https:\/\/unikal.ac.cd\/wp-content\/uploads\/2023\/08\/logo-unikal_013249.png","width":2100,"height":1500,"caption":"Universit\u00e9 de Kalemie"},"image":{"@id":"https:\/\/unikal.ac.cd\/#\/schema\/logo\/image\/"}}]}},"_links":{"self":[{"href":"https:\/\/unikal.ac.cd\/index.php\/wp-json\/wp\/v2\/pages\/583","targetHints":{"allow":["GET"]}}],"collection":[{"href":"https:\/\/unikal.ac.cd\/index.php\/wp-json\/wp\/v2\/pages"}],"about":[{"href":"https:\/\/unikal.ac.cd\/index.php\/wp-json\/wp\/v2\/types\/page"}],"author":[{"embeddable":true,"href":"https:\/\/unikal.ac.cd\/index.php\/wp-json\/wp\/v2\/users\/1"}],"replies":[{"embeddable":true,"href":"https:\/\/unikal.ac.cd\/index.php\/wp-json\/wp\/v2\/comments?post=583"}],"version-history":[{"count":4,"href":"https:\/\/unikal.ac.cd\/index.php\/wp-json\/wp\/v2\/pages\/583\/revisions"}],"predecessor-version":[{"id":587,"href":"https:\/\/unikal.ac.cd\/index.php\/wp-json\/wp\/v2\/pages\/583\/revisions\/587"}],"wp:featuredmedia":[{"embeddable":true,"href":"https:\/\/unikal.ac.cd\/index.php\/wp-json\/wp\/v2\/media\/579"}],"wp:attachment":[{"href":"https:\/\/unikal.ac.cd\/index.php\/wp-json\/wp\/v2\/media?parent=583"}],"curies":[{"name":"wp","href":"https:\/\/api.w.org\/{rel}","templated":true}]}}