{"id":662,"date":"2024-01-24T10:55:56","date_gmt":"2024-01-24T10:55:56","guid":{"rendered":"https:\/\/unikal.ac.cd\/?page_id=662"},"modified":"2024-01-24T11:13:25","modified_gmt":"2024-01-24T11:13:25","slug":"universite-de-kalemie-signe-un-protocole-daccord-avec-luniversite-officielle-de-bukavu-uob-pour-la-formation-de-son-personnel-scientifique-au-master-complementaire","status":"publish","type":"page","link":"https:\/\/unikal.ac.cd\/index.php\/universite-de-kalemie-signe-un-protocole-daccord-avec-luniversite-officielle-de-bukavu-uob-pour-la-formation-de-son-personnel-scientifique-au-master-complementaire\/","title":{"rendered":"UNIVERSIT\u00c9 DE KALEMIE SIGNE UN PROTOCOLE D&#8217;ACCORD AVEC L&#8217;UNIVERSIT\u00c9 OFFICIELLE DE BUKAVU (UOB) POUR LA FORMATION DE SON PERSONNEL SCIENTIFIQUE AU MASTER COMPL\u00c9MENTAIRE."},"content":{"rendered":"\t\t<div data-elementor-type=\"wp-page\" data-elementor-id=\"662\" class=\"elementor elementor-662\">\n\t\t\t\t\t\t<section class=\"elementor-section elementor-top-section elementor-element elementor-element-667ce3a elementor-section-stretched elementor-section-boxed elementor-section-height-default elementor-section-height-default\" data-id=\"667ce3a\" data-element_type=\"section\" data-e-type=\"section\" data-settings=\"{&quot;stretch_section&quot;:&quot;section-stretched&quot;}\">\n\t\t\t\t\t\t<div class=\"elementor-container elementor-column-gap-default\">\n\t\t\t\t\t<div class=\"elementor-column elementor-col-50 elementor-top-column elementor-element elementor-element-a36e7d3\" data-id=\"a36e7d3\" data-element_type=\"column\" data-e-type=\"column\">\n\t\t\t<div class=\"elementor-widget-wrap elementor-element-populated\">\n\t\t\t\t\t\t<div class=\"elementor-element elementor-element-20bef10 elementor-widget elementor-widget-spacer\" data-id=\"20bef10\" data-element_type=\"widget\" data-e-type=\"widget\" data-widget_type=\"spacer.default\">\n\t\t\t\t<div class=\"elementor-widget-container\">\n\t\t\t\t\t\t\t<div class=\"elementor-spacer\">\n\t\t\t<div class=\"elementor-spacer-inner\"><\/div>\n\t\t<\/div>\n\t\t\t\t\t\t<\/div>\n\t\t\t\t<\/div>\n\t\t\t\t<div class=\"elementor-element elementor-element-8825cce elementor-widget elementor-widget-heading\" data-id=\"8825cce\" data-element_type=\"widget\" data-e-type=\"widget\" data-widget_type=\"heading.default\">\n\t\t\t\t<div class=\"elementor-widget-container\">\n\t\t\t\t\t<h2 class=\"elementor-heading-title elementor-size-default\">UNIVERSIT\u00c9 DE KALEMIE SIGNE UN PROTOCOLE D'ACCORD AVEC L'UNIVERSIT\u00c9 OFFICIELLE DE BUKAVU (UOB) POUR LA FORMATION DE SON PERSONNEL SCIENTIFIQUE AU MASTER COMPL\u00c9MENTAIRE.<\/h2>\t\t\t\t<\/div>\n\t\t\t\t<\/div>\n\t\t\t\t<div class=\"elementor-element elementor-element-aecb91e elementor-widget elementor-widget-text-editor\" data-id=\"aecb91e\" data-element_type=\"widget\" data-e-type=\"widget\" data-widget_type=\"text-editor.default\">\n\t\t\t\t<div class=\"elementor-widget-container\">\n\t\t\t\t\t\t\t\t\t<p>Conduite par son Recteur, le Professeur Ordinaire Victor KALUNGA TSHIKALA, la d\u00e9l\u00e9gation de la prestigieuse Universit\u00e9 de Kalemie sejourne dans la ville de Bukavu, chef-lieu de la province du Sud-kivu.<\/p>\n<p>Soucieux de r\u00e9pondre aux exigences du nouveau syst\u00e8me LICENCE MASTER DOCTORAT dans son institution universitaire face \u00e0 la qualit\u00e9 du personnel scientifique, le Recteur Professeur Ordinaire Victor KALUNGA TSHIKALA accompagn\u00e9 de Monsieur le Secr\u00e9taire G\u00e9n\u00e9ral Acad\u00e9mique, le Chef de travaux KIPIMO ISENGOMA Emmanuel ont eu des \u00e9changes<\/p>\t\t\t\t\t\t\t\t<\/div>\n\t\t\t\t<\/div>\n\t\t\t\t\t<\/div>\n\t\t<\/div>\n\t\t\t\t<div class=\"elementor-column elementor-col-50 elementor-top-column elementor-element elementor-element-88f40ab\" data-id=\"88f40ab\" data-element_type=\"column\" data-e-type=\"column\">\n\t\t\t<div class=\"elementor-widget-wrap elementor-element-populated\">\n\t\t\t\t\t\t<div class=\"elementor-element elementor-element-2e3163b elementor-widget elementor-widget-spacer\" data-id=\"2e3163b\" data-element_type=\"widget\" data-e-type=\"widget\" data-widget_type=\"spacer.default\">\n\t\t\t\t<div class=\"elementor-widget-container\">\n\t\t\t\t\t\t\t<div class=\"elementor-spacer\">\n\t\t\t<div class=\"elementor-spacer-inner\"><\/div>\n\t\t<\/div>\n\t\t\t\t\t\t<\/div>\n\t\t\t\t<\/div>\n\t\t\t\t<div class=\"elementor-element elementor-element-1bb61b6 elementor-widget elementor-widget-image\" data-id=\"1bb61b6\" data-element_type=\"widget\" data-e-type=\"widget\" data-widget_type=\"image.default\">\n\t\t\t\t<div class=\"elementor-widget-container\">\n\t\t\t\t\t\t\t\t\t\t\t\t\t\t\t<img fetchpriority=\"high\" decoding=\"async\" width=\"640\" height=\"303\" src=\"https:\/\/unikal.ac.cd\/wp-content\/uploads\/2024\/01\/PHOTO-2024-01-24-11-39-31.jpg\" class=\"attachment-large size-large wp-image-666\" alt=\"\" srcset=\"https:\/\/unikal.ac.cd\/wp-content\/uploads\/2024\/01\/PHOTO-2024-01-24-11-39-31.jpg 1008w, https:\/\/unikal.ac.cd\/wp-content\/uploads\/2024\/01\/PHOTO-2024-01-24-11-39-31-768x363.jpg 768w\" sizes=\"(max-width: 640px) 100vw, 640px\" \/>\t\t\t\t\t\t\t\t\t\t\t\t\t\t\t<\/div>\n\t\t\t\t<\/div>\n\t\t\t\t\t<\/div>\n\t\t<\/div>\n\t\t\t\t\t<\/div>\n\t\t<\/section>\n\t\t\t\t<section class=\"elementor-section elementor-top-section elementor-element elementor-element-e97d898 elementor-section-stretched elementor-section-boxed elementor-section-height-default elementor-section-height-default\" data-id=\"e97d898\" data-element_type=\"section\" data-e-type=\"section\" data-settings=\"{&quot;stretch_section&quot;:&quot;section-stretched&quot;}\">\n\t\t\t\t\t\t<div class=\"elementor-container elementor-column-gap-default\">\n\t\t\t\t\t<div class=\"elementor-column elementor-col-100 elementor-top-column elementor-element elementor-element-5271c8c\" data-id=\"5271c8c\" data-element_type=\"column\" data-e-type=\"column\">\n\t\t\t<div class=\"elementor-widget-wrap elementor-element-populated\">\n\t\t\t\t\t\t<div class=\"elementor-element elementor-element-18bc593 elementor-widget elementor-widget-text-editor\" data-id=\"18bc593\" data-element_type=\"widget\" data-e-type=\"widget\" data-widget_type=\"text-editor.default\">\n\t\t\t\t<div class=\"elementor-widget-container\">\n\t\t\t\t\t\t\t\t\t<p><span style=\"text-align: justify;\">&nbsp;<\/span><span style=\"text-align: justify;\">fructueux avec le Comit\u00e9 de Gestion de l&#8217;Universit\u00e9 officielle de Bukavu, UOB en sigle pour l&#8217;ouverture de la passerelle du Master Compl\u00e9mentaire \u00e0 l&#8217;Unikal au profit de son personnel scientifique.&nbsp;<\/span>L&#8217;Universit\u00e9 officielle de Bukavu quant \u00e0 elle, au nom des partenariats interuniversitaires a fini par donn\u00e9 son quitus pour le d\u00e9but des enseignements avec sa main d&#8217;oeuvre \u00e0 l&#8217;Universit\u00e9 de Kalemie.<br>Gr\u00e2ce aux efforts du Comit\u00e9 de gestion que pilote le P.O KALUNGA TSHIKALA Victor, d&#8217;ici&nbsp; trois ans l&#8217;Universit\u00e9 de Kalemie verra le nombre de ses chefs de travaux et Professeurs propres&nbsp; \u00e0 elle revue \u00e0 la hausse.<br>Ainsi, apr\u00e8s les \u00e9changes, la d\u00e9l\u00e9gation de l&#8217;Universit\u00e9 de Kalemie a \u00e9t\u00e9 convi\u00e9e \u00e0 la&nbsp; visite des cliniques universitaires de Bukavu, de&nbsp; l&#8217;Institut sup\u00e9rieur des techniques m\u00e9dicales de Bukavu afin de s&#8217;impr\u00e9gner des r\u00e9alit\u00e9s sur terrain.<br>Signalons que gr\u00e2ce au pouvoir de la Volont\u00e9 que fait montre le Comit\u00e9 de Gestion de l&#8217;Unikal, ce dernier&nbsp; enverra un nombre de son personnel scientifique en Russie pour la poursuite du troisi\u00e8me cycle.<\/p>\t\t\t\t\t\t\t\t<\/div>\n\t\t\t\t<\/div>\n\t\t\t\t\t<\/div>\n\t\t<\/div>\n\t\t\t\t\t<\/div>\n\t\t<\/section>\n\t\t\t\t<section class=\"elementor-section elementor-top-section elementor-element elementor-element-2eec686 elementor-section-stretched elementor-section-boxed elementor-section-height-default elementor-section-height-default\" data-id=\"2eec686\" data-element_type=\"section\" data-e-type=\"section\" data-settings=\"{&quot;stretch_section&quot;:&quot;section-stretched&quot;}\">\n\t\t\t\t\t\t<div class=\"elementor-container elementor-column-gap-default\">\n\t\t\t\t\t<div class=\"elementor-column elementor-col-100 elementor-top-column elementor-element elementor-element-5664dd2\" data-id=\"5664dd2\" data-element_type=\"column\" data-e-type=\"column\">\n\t\t\t<div class=\"elementor-widget-wrap elementor-element-populated\">\n\t\t\t\t\t\t<div class=\"elementor-element elementor-element-10805ba elementor-widget elementor-widget-image-carousel\" data-id=\"10805ba\" data-element_type=\"widget\" data-e-type=\"widget\" data-settings=\"{&quot;slides_to_show&quot;:&quot;3&quot;,&quot;slides_to_scroll&quot;:&quot;3&quot;,&quot;navigation&quot;:&quot;none&quot;,&quot;autoplay&quot;:&quot;yes&quot;,&quot;pause_on_hover&quot;:&quot;yes&quot;,&quot;pause_on_interaction&quot;:&quot;yes&quot;,&quot;autoplay_speed&quot;:5000,&quot;infinite&quot;:&quot;yes&quot;,&quot;speed&quot;:500}\" data-widget_type=\"image-carousel.default\">\n\t\t\t\t<div class=\"elementor-widget-container\">\n\t\t\t\t\t\t\t<div class=\"elementor-image-carousel-wrapper swiper\" role=\"region\" aria-roledescription=\"carousel\" aria-label=\"Image Carousel\" dir=\"ltr\">\n\t\t\t<div class=\"elementor-image-carousel swiper-wrapper\" aria-live=\"off\">\n\t\t\t\t\t\t\t\t<div class=\"swiper-slide\" role=\"group\" aria-roledescription=\"slide\" aria-label=\"1 of 3\"><figure class=\"swiper-slide-inner\"><img decoding=\"async\" class=\"swiper-slide-image\" src=\"https:\/\/unikal.ac.cd\/wp-content\/uploads\/2024\/01\/PHOTO-2024-01-24-11-39-32-1.jpg\" alt=\"PHOTO-2024-01-24-11-39-32\" \/><\/figure><\/div><div class=\"swiper-slide\" role=\"group\" aria-roledescription=\"slide\" aria-label=\"2 of 3\"><figure class=\"swiper-slide-inner\"><img decoding=\"async\" class=\"swiper-slide-image\" src=\"https:\/\/unikal.ac.cd\/wp-content\/uploads\/2024\/01\/PHOTO-2024-01-24-11-39-31-1.jpg\" alt=\"PHOTO-2024-01-24-11-39-31\" \/><\/figure><\/div><div class=\"swiper-slide\" role=\"group\" aria-roledescription=\"slide\" aria-label=\"3 of 3\"><figure class=\"swiper-slide-inner\"><img decoding=\"async\" class=\"swiper-slide-image\" src=\"https:\/\/unikal.ac.cd\/wp-content\/uploads\/2024\/01\/GEjXmQnW8AE5te9-1.jpg\" alt=\"GEjXmQnW8AE5te9\" \/><\/figure><\/div>\t\t\t<\/div>\n\t\t\t\t\t\t\t\n\t\t\t\t\t\t\t\t\t<\/div>\n\t\t\t\t\t\t<\/div>\n\t\t\t\t<\/div>\n\t\t\t\t\t<\/div>\n\t\t<\/div>\n\t\t\t\t\t<\/div>\n\t\t<\/section>\n\t\t\t\t<\/div>\n\t\t","protected":false},"excerpt":{"rendered":"<p>UNIVERSIT\u00c9 DE KALEMIE SIGNE UN PROTOCOLE D&#8217;ACCORD AVEC L&#8217;UNIVERSIT\u00c9 OFFICIELLE DE BUKAVU (UOB) POUR LA FORMATION DE SON PERSONNEL SCIENTIFIQUE AU MASTER COMPL\u00c9MENTAIRE. Conduite par son Recteur, le Professeur Ordinaire Victor KALUNGA TSHIKALA, la d\u00e9l\u00e9gation de la prestigieuse Universit\u00e9 de Kalemie sejourne dans la ville de Bukavu, chef-lieu de la province du Sud-kivu. Soucieux de&hellip;<\/p>\n","protected":false},"author":1,"featured_media":665,"parent":0,"menu_order":0,"comment_status":"closed","ping_status":"closed","template":"elementor_header_footer","meta":{"om_disable_all_campaigns":false,"_monsterinsights_skip_tracking":false,"_monsterinsights_sitenote_active":false,"_monsterinsights_sitenote_note":"","_monsterinsights_sitenote_category":0,"_uf_show_specific_survey":0,"_uf_disable_surveys":false,"footnotes":""},"class_list":["post-662","page","type-page","status-publish","has-post-thumbnail","hentry"],"yoast_head":"<!-- This site is optimized with the Yoast SEO plugin v26.9 - https:\/\/yoast.com\/product\/yoast-seo-wordpress\/ -->\n<title>UNIVERSIT\u00c9 DE KALEMIE SIGNE UN PROTOCOLE D&#039;ACCORD AVEC L&#039;UNIVERSIT\u00c9 OFFICIELLE DE BUKAVU (UOB) POUR LA FORMATION DE SON PERSONNEL SCIENTIFIQUE AU MASTER COMPL\u00c9MENTAIRE. - Universit\u00e9 de Kalemie<\/title>\n<meta name=\"robots\" content=\"index, follow, max-snippet:-1, max-image-preview:large, max-video-preview:-1\" \/>\n<link rel=\"canonical\" href=\"https:\/\/unikal.ac.cd\/index.php\/universite-de-kalemie-signe-un-protocole-daccord-avec-luniversite-officielle-de-bukavu-uob-pour-la-formation-de-son-personnel-scientifique-au-master-complementaire\/\" \/>\n<meta property=\"og:locale\" content=\"en_US\" \/>\n<meta property=\"og:type\" content=\"article\" \/>\n<meta property=\"og:title\" content=\"UNIVERSIT\u00c9 DE KALEMIE SIGNE UN PROTOCOLE D&#039;ACCORD AVEC L&#039;UNIVERSIT\u00c9 OFFICIELLE DE BUKAVU (UOB) POUR LA FORMATION DE SON PERSONNEL SCIENTIFIQUE AU MASTER COMPL\u00c9MENTAIRE. - Universit\u00e9 de Kalemie\" \/>\n<meta property=\"og:description\" content=\"UNIVERSIT\u00c9 DE KALEMIE SIGNE UN PROTOCOLE D&#8217;ACCORD AVEC L&#8217;UNIVERSIT\u00c9 OFFICIELLE DE BUKAVU (UOB) POUR LA FORMATION DE SON PERSONNEL SCIENTIFIQUE AU MASTER COMPL\u00c9MENTAIRE. Conduite par son Recteur, le Professeur Ordinaire Victor KALUNGA TSHIKALA, la d\u00e9l\u00e9gation de la prestigieuse Universit\u00e9 de Kalemie sejourne dans la ville de Bukavu, chef-lieu de la province du Sud-kivu. Soucieux de&hellip;\" \/>\n<meta property=\"og:url\" content=\"https:\/\/unikal.ac.cd\/index.php\/universite-de-kalemie-signe-un-protocole-daccord-avec-luniversite-officielle-de-bukavu-uob-pour-la-formation-de-son-personnel-scientifique-au-master-complementaire\/\" \/>\n<meta property=\"og:site_name\" content=\"Universit\u00e9 de Kalemie\" \/>\n<meta property=\"article:modified_time\" content=\"2024-01-24T11:13:25+00:00\" \/>\n<meta property=\"og:image\" content=\"https:\/\/unikal.ac.cd\/wp-content\/uploads\/2024\/01\/GEjXmQnW8AE5te9.jpg\" \/>\n\t<meta property=\"og:image:width\" content=\"1600\" \/>\n\t<meta property=\"og:image:height\" content=\"1066\" \/>\n\t<meta property=\"og:image:type\" content=\"image\/jpeg\" \/>\n<meta name=\"twitter:card\" content=\"summary_large_image\" \/>\n<meta name=\"twitter:label1\" content=\"Est. reading time\" \/>\n\t<meta name=\"twitter:data1\" content=\"4 minutes\" \/>\n<script type=\"application\/ld+json\" class=\"yoast-schema-graph\">{\"@context\":\"https:\/\/schema.org\",\"@graph\":[{\"@type\":\"WebPage\",\"@id\":\"https:\/\/unikal.ac.cd\/index.php\/universite-de-kalemie-signe-un-protocole-daccord-avec-luniversite-officielle-de-bukavu-uob-pour-la-formation-de-son-personnel-scientifique-au-master-complementaire\/\",\"url\":\"https:\/\/unikal.ac.cd\/index.php\/universite-de-kalemie-signe-un-protocole-daccord-avec-luniversite-officielle-de-bukavu-uob-pour-la-formation-de-son-personnel-scientifique-au-master-complementaire\/\",\"name\":\"UNIVERSIT\u00c9 DE KALEMIE SIGNE UN PROTOCOLE D'ACCORD AVEC L'UNIVERSIT\u00c9 OFFICIELLE DE BUKAVU (UOB) POUR LA FORMATION DE SON PERSONNEL SCIENTIFIQUE AU MASTER COMPL\u00c9MENTAIRE. - Universit\u00e9 de Kalemie\",\"isPartOf\":{\"@id\":\"https:\/\/unikal.ac.cd\/#website\"},\"primaryImageOfPage\":{\"@id\":\"https:\/\/unikal.ac.cd\/index.php\/universite-de-kalemie-signe-un-protocole-daccord-avec-luniversite-officielle-de-bukavu-uob-pour-la-formation-de-son-personnel-scientifique-au-master-complementaire\/#primaryimage\"},\"image\":{\"@id\":\"https:\/\/unikal.ac.cd\/index.php\/universite-de-kalemie-signe-un-protocole-daccord-avec-luniversite-officielle-de-bukavu-uob-pour-la-formation-de-son-personnel-scientifique-au-master-complementaire\/#primaryimage\"},\"thumbnailUrl\":\"https:\/\/unikal.ac.cd\/wp-content\/uploads\/2024\/01\/GEjXmQnW8AE5te9.jpg\",\"datePublished\":\"2024-01-24T10:55:56+00:00\",\"dateModified\":\"2024-01-24T11:13:25+00:00\",\"breadcrumb\":{\"@id\":\"https:\/\/unikal.ac.cd\/index.php\/universite-de-kalemie-signe-un-protocole-daccord-avec-luniversite-officielle-de-bukavu-uob-pour-la-formation-de-son-personnel-scientifique-au-master-complementaire\/#breadcrumb\"},\"inLanguage\":\"en-US\",\"potentialAction\":[{\"@type\":\"ReadAction\",\"target\":[\"https:\/\/unikal.ac.cd\/index.php\/universite-de-kalemie-signe-un-protocole-daccord-avec-luniversite-officielle-de-bukavu-uob-pour-la-formation-de-son-personnel-scientifique-au-master-complementaire\/\"]}]},{\"@type\":\"ImageObject\",\"inLanguage\":\"en-US\",\"@id\":\"https:\/\/unikal.ac.cd\/index.php\/universite-de-kalemie-signe-un-protocole-daccord-avec-luniversite-officielle-de-bukavu-uob-pour-la-formation-de-son-personnel-scientifique-au-master-complementaire\/#primaryimage\",\"url\":\"https:\/\/unikal.ac.cd\/wp-content\/uploads\/2024\/01\/GEjXmQnW8AE5te9.jpg\",\"contentUrl\":\"https:\/\/unikal.ac.cd\/wp-content\/uploads\/2024\/01\/GEjXmQnW8AE5te9.jpg\",\"width\":1600,\"height\":1066},{\"@type\":\"BreadcrumbList\",\"@id\":\"https:\/\/unikal.ac.cd\/index.php\/universite-de-kalemie-signe-un-protocole-daccord-avec-luniversite-officielle-de-bukavu-uob-pour-la-formation-de-son-personnel-scientifique-au-master-complementaire\/#breadcrumb\",\"itemListElement\":[{\"@type\":\"ListItem\",\"position\":1,\"name\":\"Home\",\"item\":\"https:\/\/unikal.ac.cd\/\"},{\"@type\":\"ListItem\",\"position\":2,\"name\":\"UNIVERSIT\u00c9 DE KALEMIE SIGNE UN PROTOCOLE D&#8217;ACCORD AVEC L&#8217;UNIVERSIT\u00c9 OFFICIELLE DE BUKAVU (UOB) POUR LA FORMATION DE SON PERSONNEL SCIENTIFIQUE AU MASTER COMPL\u00c9MENTAIRE.\"}]},{\"@type\":\"WebSite\",\"@id\":\"https:\/\/unikal.ac.cd\/#website\",\"url\":\"https:\/\/unikal.ac.cd\/\",\"name\":\"Universit\u00e9 de Kalemie\",\"description\":\"Lumi\u00e8re du Tanganyika\",\"publisher\":{\"@id\":\"https:\/\/unikal.ac.cd\/#organization\"},\"potentialAction\":[{\"@type\":\"SearchAction\",\"target\":{\"@type\":\"EntryPoint\",\"urlTemplate\":\"https:\/\/unikal.ac.cd\/?s={search_term_string}\"},\"query-input\":{\"@type\":\"PropertyValueSpecification\",\"valueRequired\":true,\"valueName\":\"search_term_string\"}}],\"inLanguage\":\"en-US\"},{\"@type\":\"Organization\",\"@id\":\"https:\/\/unikal.ac.cd\/#organization\",\"name\":\"Universit\u00e9 de Kalemie\",\"url\":\"https:\/\/unikal.ac.cd\/\",\"logo\":{\"@type\":\"ImageObject\",\"inLanguage\":\"en-US\",\"@id\":\"https:\/\/unikal.ac.cd\/#\/schema\/logo\/image\/\",\"url\":\"https:\/\/unikal.ac.cd\/wp-content\/uploads\/2023\/08\/logo-unikal_013249.png\",\"contentUrl\":\"https:\/\/unikal.ac.cd\/wp-content\/uploads\/2023\/08\/logo-unikal_013249.png\",\"width\":2100,\"height\":1500,\"caption\":\"Universit\u00e9 de Kalemie\"},\"image\":{\"@id\":\"https:\/\/unikal.ac.cd\/#\/schema\/logo\/image\/\"}}]}<\/script>\n<!-- \/ Yoast SEO plugin. -->","yoast_head_json":{"title":"UNIVERSIT\u00c9 DE KALEMIE SIGNE UN PROTOCOLE D'ACCORD AVEC L'UNIVERSIT\u00c9 OFFICIELLE DE BUKAVU (UOB) POUR LA FORMATION DE SON PERSONNEL SCIENTIFIQUE AU MASTER COMPL\u00c9MENTAIRE. - Universit\u00e9 de Kalemie","robots":{"index":"index","follow":"follow","max-snippet":"max-snippet:-1","max-image-preview":"max-image-preview:large","max-video-preview":"max-video-preview:-1"},"canonical":"https:\/\/unikal.ac.cd\/index.php\/universite-de-kalemie-signe-un-protocole-daccord-avec-luniversite-officielle-de-bukavu-uob-pour-la-formation-de-son-personnel-scientifique-au-master-complementaire\/","og_locale":"en_US","og_type":"article","og_title":"UNIVERSIT\u00c9 DE KALEMIE SIGNE UN PROTOCOLE D'ACCORD AVEC L'UNIVERSIT\u00c9 OFFICIELLE DE BUKAVU (UOB) POUR LA FORMATION DE SON PERSONNEL SCIENTIFIQUE AU MASTER COMPL\u00c9MENTAIRE. - Universit\u00e9 de Kalemie","og_description":"UNIVERSIT\u00c9 DE KALEMIE SIGNE UN PROTOCOLE D&#8217;ACCORD AVEC L&#8217;UNIVERSIT\u00c9 OFFICIELLE DE BUKAVU (UOB) POUR LA FORMATION DE SON PERSONNEL SCIENTIFIQUE AU MASTER COMPL\u00c9MENTAIRE. Conduite par son Recteur, le Professeur Ordinaire Victor KALUNGA TSHIKALA, la d\u00e9l\u00e9gation de la prestigieuse Universit\u00e9 de Kalemie sejourne dans la ville de Bukavu, chef-lieu de la province du Sud-kivu. Soucieux de&hellip;","og_url":"https:\/\/unikal.ac.cd\/index.php\/universite-de-kalemie-signe-un-protocole-daccord-avec-luniversite-officielle-de-bukavu-uob-pour-la-formation-de-son-personnel-scientifique-au-master-complementaire\/","og_site_name":"Universit\u00e9 de Kalemie","article_modified_time":"2024-01-24T11:13:25+00:00","og_image":[{"width":1600,"height":1066,"url":"https:\/\/unikal.ac.cd\/wp-content\/uploads\/2024\/01\/GEjXmQnW8AE5te9.jpg","type":"image\/jpeg"}],"twitter_card":"summary_large_image","twitter_misc":{"Est. reading time":"4 minutes"},"schema":{"@context":"https:\/\/schema.org","@graph":[{"@type":"WebPage","@id":"https:\/\/unikal.ac.cd\/index.php\/universite-de-kalemie-signe-un-protocole-daccord-avec-luniversite-officielle-de-bukavu-uob-pour-la-formation-de-son-personnel-scientifique-au-master-complementaire\/","url":"https:\/\/unikal.ac.cd\/index.php\/universite-de-kalemie-signe-un-protocole-daccord-avec-luniversite-officielle-de-bukavu-uob-pour-la-formation-de-son-personnel-scientifique-au-master-complementaire\/","name":"UNIVERSIT\u00c9 DE KALEMIE SIGNE UN PROTOCOLE D'ACCORD AVEC L'UNIVERSIT\u00c9 OFFICIELLE DE BUKAVU (UOB) POUR LA FORMATION DE SON PERSONNEL SCIENTIFIQUE AU MASTER COMPL\u00c9MENTAIRE. - Universit\u00e9 de Kalemie","isPartOf":{"@id":"https:\/\/unikal.ac.cd\/#website"},"primaryImageOfPage":{"@id":"https:\/\/unikal.ac.cd\/index.php\/universite-de-kalemie-signe-un-protocole-daccord-avec-luniversite-officielle-de-bukavu-uob-pour-la-formation-de-son-personnel-scientifique-au-master-complementaire\/#primaryimage"},"image":{"@id":"https:\/\/unikal.ac.cd\/index.php\/universite-de-kalemie-signe-un-protocole-daccord-avec-luniversite-officielle-de-bukavu-uob-pour-la-formation-de-son-personnel-scientifique-au-master-complementaire\/#primaryimage"},"thumbnailUrl":"https:\/\/unikal.ac.cd\/wp-content\/uploads\/2024\/01\/GEjXmQnW8AE5te9.jpg","datePublished":"2024-01-24T10:55:56+00:00","dateModified":"2024-01-24T11:13:25+00:00","breadcrumb":{"@id":"https:\/\/unikal.ac.cd\/index.php\/universite-de-kalemie-signe-un-protocole-daccord-avec-luniversite-officielle-de-bukavu-uob-pour-la-formation-de-son-personnel-scientifique-au-master-complementaire\/#breadcrumb"},"inLanguage":"en-US","potentialAction":[{"@type":"ReadAction","target":["https:\/\/unikal.ac.cd\/index.php\/universite-de-kalemie-signe-un-protocole-daccord-avec-luniversite-officielle-de-bukavu-uob-pour-la-formation-de-son-personnel-scientifique-au-master-complementaire\/"]}]},{"@type":"ImageObject","inLanguage":"en-US","@id":"https:\/\/unikal.ac.cd\/index.php\/universite-de-kalemie-signe-un-protocole-daccord-avec-luniversite-officielle-de-bukavu-uob-pour-la-formation-de-son-personnel-scientifique-au-master-complementaire\/#primaryimage","url":"https:\/\/unikal.ac.cd\/wp-content\/uploads\/2024\/01\/GEjXmQnW8AE5te9.jpg","contentUrl":"https:\/\/unikal.ac.cd\/wp-content\/uploads\/2024\/01\/GEjXmQnW8AE5te9.jpg","width":1600,"height":1066},{"@type":"BreadcrumbList","@id":"https:\/\/unikal.ac.cd\/index.php\/universite-de-kalemie-signe-un-protocole-daccord-avec-luniversite-officielle-de-bukavu-uob-pour-la-formation-de-son-personnel-scientifique-au-master-complementaire\/#breadcrumb","itemListElement":[{"@type":"ListItem","position":1,"name":"Home","item":"https:\/\/unikal.ac.cd\/"},{"@type":"ListItem","position":2,"name":"UNIVERSIT\u00c9 DE KALEMIE SIGNE UN PROTOCOLE D&#8217;ACCORD AVEC L&#8217;UNIVERSIT\u00c9 OFFICIELLE DE BUKAVU (UOB) POUR LA FORMATION DE SON PERSONNEL SCIENTIFIQUE AU MASTER COMPL\u00c9MENTAIRE."}]},{"@type":"WebSite","@id":"https:\/\/unikal.ac.cd\/#website","url":"https:\/\/unikal.ac.cd\/","name":"Universit\u00e9 de Kalemie","description":"Lumi\u00e8re du Tanganyika","publisher":{"@id":"https:\/\/unikal.ac.cd\/#organization"},"potentialAction":[{"@type":"SearchAction","target":{"@type":"EntryPoint","urlTemplate":"https:\/\/unikal.ac.cd\/?s={search_term_string}"},"query-input":{"@type":"PropertyValueSpecification","valueRequired":true,"valueName":"search_term_string"}}],"inLanguage":"en-US"},{"@type":"Organization","@id":"https:\/\/unikal.ac.cd\/#organization","name":"Universit\u00e9 de Kalemie","url":"https:\/\/unikal.ac.cd\/","logo":{"@type":"ImageObject","inLanguage":"en-US","@id":"https:\/\/unikal.ac.cd\/#\/schema\/logo\/image\/","url":"https:\/\/unikal.ac.cd\/wp-content\/uploads\/2023\/08\/logo-unikal_013249.png","contentUrl":"https:\/\/unikal.ac.cd\/wp-content\/uploads\/2023\/08\/logo-unikal_013249.png","width":2100,"height":1500,"caption":"Universit\u00e9 de Kalemie"},"image":{"@id":"https:\/\/unikal.ac.cd\/#\/schema\/logo\/image\/"}}]}},"_links":{"self":[{"href":"https:\/\/unikal.ac.cd\/index.php\/wp-json\/wp\/v2\/pages\/662","targetHints":{"allow":["GET"]}}],"collection":[{"href":"https:\/\/unikal.ac.cd\/index.php\/wp-json\/wp\/v2\/pages"}],"about":[{"href":"https:\/\/unikal.ac.cd\/index.php\/wp-json\/wp\/v2\/types\/page"}],"author":[{"embeddable":true,"href":"https:\/\/unikal.ac.cd\/index.php\/wp-json\/wp\/v2\/users\/1"}],"replies":[{"embeddable":true,"href":"https:\/\/unikal.ac.cd\/index.php\/wp-json\/wp\/v2\/comments?post=662"}],"version-history":[{"count":16,"href":"https:\/\/unikal.ac.cd\/index.php\/wp-json\/wp\/v2\/pages\/662\/revisions"}],"predecessor-version":[{"id":685,"href":"https:\/\/unikal.ac.cd\/index.php\/wp-json\/wp\/v2\/pages\/662\/revisions\/685"}],"wp:featuredmedia":[{"embeddable":true,"href":"https:\/\/unikal.ac.cd\/index.php\/wp-json\/wp\/v2\/media\/665"}],"wp:attachment":[{"href":"https:\/\/unikal.ac.cd\/index.php\/wp-json\/wp\/v2\/media?parent=662"}],"curies":[{"name":"wp","href":"https:\/\/api.w.org\/{rel}","templated":true}]}}