{"id":976,"date":"2024-09-29T23:53:50","date_gmt":"2024-09-29T23:53:50","guid":{"rendered":"https:\/\/unikal.ac.cd\/?page_id=976"},"modified":"2024-09-30T00:07:30","modified_gmt":"2024-09-30T00:07:30","slug":"luniversite-de-kalemie-signe-un-protocole-daccord-avec-beans-4-women-empowerment-be4we-a-bukavu","status":"publish","type":"page","link":"https:\/\/unikal.ac.cd\/index.php\/luniversite-de-kalemie-signe-un-protocole-daccord-avec-beans-4-women-empowerment-be4we-a-bukavu\/","title":{"rendered":"L&#8217;UNIVERSIT\u00c9 DE KALEMIE SIGNE UN PROTOCOLE D&#8217;ACCORD AVEC BEANS 4 WOMEN EMPOWERMENT (BE4WE ) A BUKAVU."},"content":{"rendered":"\t\t<div data-elementor-type=\"wp-page\" data-elementor-id=\"976\" class=\"elementor elementor-976\">\n\t\t\t\t\t\t<section class=\"elementor-section elementor-top-section elementor-element elementor-element-778eeca elementor-section-stretched elementor-section-boxed elementor-section-height-default elementor-section-height-default\" data-id=\"778eeca\" data-element_type=\"section\" data-e-type=\"section\" data-settings=\"{&quot;stretch_section&quot;:&quot;section-stretched&quot;}\">\n\t\t\t\t\t\t<div class=\"elementor-container elementor-column-gap-default\">\n\t\t\t\t\t<div class=\"elementor-column elementor-col-100 elementor-top-column elementor-element elementor-element-9dc2de8\" data-id=\"9dc2de8\" data-element_type=\"column\" data-e-type=\"column\">\n\t\t\t<div class=\"elementor-widget-wrap elementor-element-populated\">\n\t\t\t\t\t\t<div class=\"elementor-element elementor-element-70f8703 elementor-widget elementor-widget-heading\" data-id=\"70f8703\" data-element_type=\"widget\" data-e-type=\"widget\" data-widget_type=\"heading.default\">\n\t\t\t\t<div class=\"elementor-widget-container\">\n\t\t\t\t\t<h2 class=\"elementor-heading-title elementor-size-default\">L'UNIVERSIT\u00c9 DE KALEMIE SIGNE UN PROTOCOLE D'ACCORD AVEC BEANS 4 WOMEN EMPOWERMENT (BE4WE ) A BUKAVU.<\/h2>\t\t\t\t<\/div>\n\t\t\t\t<\/div>\n\t\t\t\t\t<\/div>\n\t\t<\/div>\n\t\t\t\t\t<\/div>\n\t\t<\/section>\n\t\t\t\t<section class=\"elementor-section elementor-top-section elementor-element elementor-element-285c8ef elementor-section-stretched elementor-section-boxed elementor-section-height-default elementor-section-height-default\" data-id=\"285c8ef\" data-element_type=\"section\" data-e-type=\"section\" data-settings=\"{&quot;stretch_section&quot;:&quot;section-stretched&quot;}\">\n\t\t\t\t\t\t<div class=\"elementor-container elementor-column-gap-default\">\n\t\t\t\t\t<div class=\"elementor-column elementor-col-50 elementor-top-column elementor-element elementor-element-9d5bf0a\" data-id=\"9d5bf0a\" data-element_type=\"column\" data-e-type=\"column\">\n\t\t\t<div class=\"elementor-widget-wrap elementor-element-populated\">\n\t\t\t\t\t\t<div class=\"elementor-element elementor-element-430979a elementor-widget elementor-widget-image\" data-id=\"430979a\" data-element_type=\"widget\" data-e-type=\"widget\" data-widget_type=\"image.default\">\n\t\t\t\t<div class=\"elementor-widget-container\">\n\t\t\t\t\t\t\t\t\t\t\t\t\t\t\t<img fetchpriority=\"high\" decoding=\"async\" width=\"640\" height=\"513\" src=\"https:\/\/unikal.ac.cd\/wp-content\/uploads\/2024\/09\/99371bf0-5ab1-4dc2-a09c-ea089d660443-1024x820.jpg\" class=\"attachment-large size-large wp-image-943\" alt=\"\" \/>\t\t\t\t\t\t\t\t\t\t\t\t\t\t\t<\/div>\n\t\t\t\t<\/div>\n\t\t\t\t\t<\/div>\n\t\t<\/div>\n\t\t\t\t<div class=\"elementor-column elementor-col-50 elementor-top-column elementor-element elementor-element-8f252e4\" data-id=\"8f252e4\" data-element_type=\"column\" data-e-type=\"column\">\n\t\t\t<div class=\"elementor-widget-wrap elementor-element-populated\">\n\t\t\t\t\t\t<div class=\"elementor-element elementor-element-66b136f elementor-widget elementor-widget-text-editor\" data-id=\"66b136f\" data-element_type=\"widget\" data-e-type=\"widget\" data-widget_type=\"text-editor.default\">\n\t\t\t\t<div class=\"elementor-widget-container\">\n\t\t\t\t\t\t\t\t\t<p>Repr\u00e9sent\u00e9e par une forte d\u00e9l\u00e9gation conduite par le Recteur P.O Victor KALUNGA TSHIKALA, l&#8217;Universit\u00e9 de Kalemie vient de signer un&nbsp; protocole d&#8217;accord avec l&#8217;ONG Beans 4 Women Empowerment B4WE portant sur l\u2019importance de la culture et de la consommation des haricots biofortifi\u00e9s riches en fer, le genre et l&#8217;agribusiness dirig\u00e9 par les femmes dans la cha\u00eene de valeur des haricots en provinces du Tanganyika, du Nord et Sud-Kivu.<\/p>\n<p>Ce projet vise la promotion de l&#8217;\u00e9galit\u00e9 des sexes, l&#8217;autonomisation \u00e9conomique des femmes et le renforcement de leur participation dans la cha\u00eene de valeur des haricots dans l&#8217;Est de la RDC tout en am\u00e9liorant la consommation des haricots.<\/p>\n<p>Pendant deux jours, soit du mercredi 11 au jeudi 12 septembre 2024 les Professeur(e)s, Chercheurs et \u00e9tudiants des universit\u00e9s , les producteurs et productrices de haricots, les transformateurs et commer\u00e7ants dans la cha\u00eene de valeur des haricots, les repr\u00e9sentants des organisations de la soci\u00e9t\u00e9 civile et des ONG ainsi que les Autorit\u00e9s locales et repr\u00e9sentants des minist\u00e8res concern\u00e9s ont non seulement \u00e9chang\u00e9 sur les avantages nutritionnels des haricots mais aussi discut\u00e9 des d\u00e9fis et opportunit\u00e9s dans la culture des haricots, sans passer outre la promotion de l&#8217;agribusiness dirig\u00e9<br>par les femmes.<\/p>\t\t\t\t\t\t\t\t<\/div>\n\t\t\t\t<\/div>\n\t\t\t\t\t<\/div>\n\t\t<\/div>\n\t\t\t\t\t<\/div>\n\t\t<\/section>\n\t\t\t\t<section class=\"elementor-section elementor-top-section elementor-element elementor-element-9aa76bc elementor-section-stretched elementor-section-boxed elementor-section-height-default elementor-section-height-default\" data-id=\"9aa76bc\" data-element_type=\"section\" data-e-type=\"section\" data-settings=\"{&quot;stretch_section&quot;:&quot;section-stretched&quot;}\">\n\t\t\t\t\t\t<div class=\"elementor-container elementor-column-gap-default\">\n\t\t\t\t\t<div class=\"elementor-column elementor-col-100 elementor-top-column elementor-element elementor-element-0e0bf36\" data-id=\"0e0bf36\" data-element_type=\"column\" data-e-type=\"column\">\n\t\t\t<div class=\"elementor-widget-wrap elementor-element-populated\">\n\t\t\t\t\t\t<div class=\"elementor-element elementor-element-35e2daf elementor-widget elementor-widget-text-editor\" data-id=\"35e2daf\" data-element_type=\"widget\" data-e-type=\"widget\" data-widget_type=\"text-editor.default\">\n\t\t\t\t<div class=\"elementor-widget-container\">\n\t\t\t\t\t\t\t\t\t<p>Prenant la parole, le Recteur P.O Victor KALUNGA TSHIKALA a tenu pr\u00e9sent\u00e9 les r\u00f4les et les contributions de son Universit\u00e9 pour son engagement dans la promotion d&#8217;une agriculture durable et sensible au genre mise en \u00e9vidence par la sensibilisation des parties prenantes sur les b\u00e9n\u00e9fices nutritionnels des haricot, au-del\u00e0 du nombre accru des \u00e9tudiants dans les fili\u00e8res des Sciences agronomiques et de la Sant\u00e9 publique (nutrition), lesquels domaines d&#8217;\u00e9tudes touchent aux objectifs du projet BE4WE dans la Province du Tanganyika, et cela int\u00e9resse l&#8217;Universit\u00e9 de Kalemie au plus au point face \u00e0 ses missions classiques entant que premi\u00e8re institution universitaire dans cet espace.<br \/><br \/>Il est important de rappeler que gr\u00e2ce \u00e0 ce partenariat, l&#8217;Universit\u00e9 de Kalemie, au travers de ses chercheurs, \u00e9tudiants en Sciences agronomiques et Sant\u00e9 publique (nutrition) facilitera l&#8217;engagement des parties prenantes \u00e0 ce projet, question de promouvoir les avantages nutritionnels des haricots et renforcer le r\u00f4le des femmes dans la cha\u00eene de valeur des haricots.<\/p>\t\t\t\t\t\t\t\t<\/div>\n\t\t\t\t<\/div>\n\t\t\t\t\t<\/div>\n\t\t<\/div>\n\t\t\t\t\t<\/div>\n\t\t<\/section>\n\t\t\t\t<\/div>\n\t\t","protected":false},"excerpt":{"rendered":"<p>L&#8217;UNIVERSIT\u00c9 DE KALEMIE SIGNE UN PROTOCOLE D&#8217;ACCORD AVEC BEANS 4 WOMEN EMPOWERMENT (BE4WE ) A BUKAVU. Repr\u00e9sent\u00e9e par une forte d\u00e9l\u00e9gation conduite par le Recteur P.O Victor KALUNGA TSHIKALA, l&#8217;Universit\u00e9 de Kalemie vient de signer un&nbsp; protocole d&#8217;accord avec l&#8217;ONG Beans 4 Women Empowerment B4WE portant sur l\u2019importance de la culture et de la consommation&hellip;<\/p>\n","protected":false},"author":1,"featured_media":945,"parent":0,"menu_order":0,"comment_status":"closed","ping_status":"closed","template":"elementor_header_footer","meta":{"om_disable_all_campaigns":false,"_monsterinsights_skip_tracking":false,"_monsterinsights_sitenote_active":false,"_monsterinsights_sitenote_note":"","_monsterinsights_sitenote_category":0,"_uf_show_specific_survey":0,"_uf_disable_surveys":false,"footnotes":""},"class_list":["post-976","page","type-page","status-publish","has-post-thumbnail","hentry"],"yoast_head":"<!-- This site is optimized with the Yoast SEO plugin v26.9 - https:\/\/yoast.com\/product\/yoast-seo-wordpress\/ -->\n<title>L&#039;UNIVERSIT\u00c9 DE KALEMIE SIGNE UN PROTOCOLE D&#039;ACCORD AVEC BEANS 4 WOMEN EMPOWERMENT (BE4WE ) A BUKAVU. - Universit\u00e9 de Kalemie<\/title>\n<meta name=\"robots\" content=\"index, follow, max-snippet:-1, max-image-preview:large, max-video-preview:-1\" \/>\n<link rel=\"canonical\" href=\"https:\/\/unikal.ac.cd\/index.php\/luniversite-de-kalemie-signe-un-protocole-daccord-avec-beans-4-women-empowerment-be4we-a-bukavu\/\" \/>\n<meta property=\"og:locale\" content=\"en_US\" \/>\n<meta property=\"og:type\" content=\"article\" \/>\n<meta property=\"og:title\" content=\"L&#039;UNIVERSIT\u00c9 DE KALEMIE SIGNE UN PROTOCOLE D&#039;ACCORD AVEC BEANS 4 WOMEN EMPOWERMENT (BE4WE ) A BUKAVU. - Universit\u00e9 de Kalemie\" \/>\n<meta property=\"og:description\" content=\"L&#8217;UNIVERSIT\u00c9 DE KALEMIE SIGNE UN PROTOCOLE D&#8217;ACCORD AVEC BEANS 4 WOMEN EMPOWERMENT (BE4WE ) A BUKAVU. Repr\u00e9sent\u00e9e par une forte d\u00e9l\u00e9gation conduite par le Recteur P.O Victor KALUNGA TSHIKALA, l&#8217;Universit\u00e9 de Kalemie vient de signer un&nbsp; protocole d&#8217;accord avec l&#8217;ONG Beans 4 Women Empowerment B4WE portant sur l\u2019importance de la culture et de la consommation&hellip;\" \/>\n<meta property=\"og:url\" content=\"https:\/\/unikal.ac.cd\/index.php\/luniversite-de-kalemie-signe-un-protocole-daccord-avec-beans-4-women-empowerment-be4we-a-bukavu\/\" \/>\n<meta property=\"og:site_name\" content=\"Universit\u00e9 de Kalemie\" \/>\n<meta property=\"article:modified_time\" content=\"2024-09-30T00:07:30+00:00\" \/>\n<meta property=\"og:image\" content=\"https:\/\/unikal.ac.cd\/wp-content\/uploads\/2024\/09\/d63023de-b4d1-4d7f-a24e-c249894d1af1.jpg\" \/>\n\t<meta property=\"og:image:width\" content=\"1000\" \/>\n\t<meta property=\"og:image:height\" content=\"750\" \/>\n\t<meta property=\"og:image:type\" content=\"image\/jpeg\" \/>\n<meta name=\"twitter:card\" content=\"summary_large_image\" \/>\n<meta name=\"twitter:label1\" content=\"Est. reading time\" \/>\n\t<meta name=\"twitter:data1\" content=\"3 minutes\" \/>\n<script type=\"application\/ld+json\" class=\"yoast-schema-graph\">{\"@context\":\"https:\/\/schema.org\",\"@graph\":[{\"@type\":\"WebPage\",\"@id\":\"https:\/\/unikal.ac.cd\/index.php\/luniversite-de-kalemie-signe-un-protocole-daccord-avec-beans-4-women-empowerment-be4we-a-bukavu\/\",\"url\":\"https:\/\/unikal.ac.cd\/index.php\/luniversite-de-kalemie-signe-un-protocole-daccord-avec-beans-4-women-empowerment-be4we-a-bukavu\/\",\"name\":\"L'UNIVERSIT\u00c9 DE KALEMIE SIGNE UN PROTOCOLE D'ACCORD AVEC BEANS 4 WOMEN EMPOWERMENT (BE4WE ) A BUKAVU. - Universit\u00e9 de Kalemie\",\"isPartOf\":{\"@id\":\"https:\/\/unikal.ac.cd\/#website\"},\"primaryImageOfPage\":{\"@id\":\"https:\/\/unikal.ac.cd\/index.php\/luniversite-de-kalemie-signe-un-protocole-daccord-avec-beans-4-women-empowerment-be4we-a-bukavu\/#primaryimage\"},\"image\":{\"@id\":\"https:\/\/unikal.ac.cd\/index.php\/luniversite-de-kalemie-signe-un-protocole-daccord-avec-beans-4-women-empowerment-be4we-a-bukavu\/#primaryimage\"},\"thumbnailUrl\":\"https:\/\/unikal.ac.cd\/wp-content\/uploads\/2024\/09\/d63023de-b4d1-4d7f-a24e-c249894d1af1.jpg\",\"datePublished\":\"2024-09-29T23:53:50+00:00\",\"dateModified\":\"2024-09-30T00:07:30+00:00\",\"breadcrumb\":{\"@id\":\"https:\/\/unikal.ac.cd\/index.php\/luniversite-de-kalemie-signe-un-protocole-daccord-avec-beans-4-women-empowerment-be4we-a-bukavu\/#breadcrumb\"},\"inLanguage\":\"en-US\",\"potentialAction\":[{\"@type\":\"ReadAction\",\"target\":[\"https:\/\/unikal.ac.cd\/index.php\/luniversite-de-kalemie-signe-un-protocole-daccord-avec-beans-4-women-empowerment-be4we-a-bukavu\/\"]}]},{\"@type\":\"ImageObject\",\"inLanguage\":\"en-US\",\"@id\":\"https:\/\/unikal.ac.cd\/index.php\/luniversite-de-kalemie-signe-un-protocole-daccord-avec-beans-4-women-empowerment-be4we-a-bukavu\/#primaryimage\",\"url\":\"https:\/\/unikal.ac.cd\/wp-content\/uploads\/2024\/09\/d63023de-b4d1-4d7f-a24e-c249894d1af1.jpg\",\"contentUrl\":\"https:\/\/unikal.ac.cd\/wp-content\/uploads\/2024\/09\/d63023de-b4d1-4d7f-a24e-c249894d1af1.jpg\",\"width\":1000,\"height\":750},{\"@type\":\"BreadcrumbList\",\"@id\":\"https:\/\/unikal.ac.cd\/index.php\/luniversite-de-kalemie-signe-un-protocole-daccord-avec-beans-4-women-empowerment-be4we-a-bukavu\/#breadcrumb\",\"itemListElement\":[{\"@type\":\"ListItem\",\"position\":1,\"name\":\"Home\",\"item\":\"https:\/\/unikal.ac.cd\/\"},{\"@type\":\"ListItem\",\"position\":2,\"name\":\"L&#8217;UNIVERSIT\u00c9 DE KALEMIE SIGNE UN PROTOCOLE D&#8217;ACCORD AVEC BEANS 4 WOMEN EMPOWERMENT (BE4WE ) A BUKAVU.\"}]},{\"@type\":\"WebSite\",\"@id\":\"https:\/\/unikal.ac.cd\/#website\",\"url\":\"https:\/\/unikal.ac.cd\/\",\"name\":\"Universit\u00e9 de Kalemie\",\"description\":\"Lumi\u00e8re du Tanganyika\",\"publisher\":{\"@id\":\"https:\/\/unikal.ac.cd\/#organization\"},\"potentialAction\":[{\"@type\":\"SearchAction\",\"target\":{\"@type\":\"EntryPoint\",\"urlTemplate\":\"https:\/\/unikal.ac.cd\/?s={search_term_string}\"},\"query-input\":{\"@type\":\"PropertyValueSpecification\",\"valueRequired\":true,\"valueName\":\"search_term_string\"}}],\"inLanguage\":\"en-US\"},{\"@type\":\"Organization\",\"@id\":\"https:\/\/unikal.ac.cd\/#organization\",\"name\":\"Universit\u00e9 de Kalemie\",\"url\":\"https:\/\/unikal.ac.cd\/\",\"logo\":{\"@type\":\"ImageObject\",\"inLanguage\":\"en-US\",\"@id\":\"https:\/\/unikal.ac.cd\/#\/schema\/logo\/image\/\",\"url\":\"https:\/\/unikal.ac.cd\/wp-content\/uploads\/2023\/08\/logo-unikal_013249.png\",\"contentUrl\":\"https:\/\/unikal.ac.cd\/wp-content\/uploads\/2023\/08\/logo-unikal_013249.png\",\"width\":2100,\"height\":1500,\"caption\":\"Universit\u00e9 de Kalemie\"},\"image\":{\"@id\":\"https:\/\/unikal.ac.cd\/#\/schema\/logo\/image\/\"}}]}<\/script>\n<!-- \/ Yoast SEO plugin. -->","yoast_head_json":{"title":"L'UNIVERSIT\u00c9 DE KALEMIE SIGNE UN PROTOCOLE D'ACCORD AVEC BEANS 4 WOMEN EMPOWERMENT (BE4WE ) A BUKAVU. - Universit\u00e9 de Kalemie","robots":{"index":"index","follow":"follow","max-snippet":"max-snippet:-1","max-image-preview":"max-image-preview:large","max-video-preview":"max-video-preview:-1"},"canonical":"https:\/\/unikal.ac.cd\/index.php\/luniversite-de-kalemie-signe-un-protocole-daccord-avec-beans-4-women-empowerment-be4we-a-bukavu\/","og_locale":"en_US","og_type":"article","og_title":"L'UNIVERSIT\u00c9 DE KALEMIE SIGNE UN PROTOCOLE D'ACCORD AVEC BEANS 4 WOMEN EMPOWERMENT (BE4WE ) A BUKAVU. - Universit\u00e9 de Kalemie","og_description":"L&#8217;UNIVERSIT\u00c9 DE KALEMIE SIGNE UN PROTOCOLE D&#8217;ACCORD AVEC BEANS 4 WOMEN EMPOWERMENT (BE4WE ) A BUKAVU. Repr\u00e9sent\u00e9e par une forte d\u00e9l\u00e9gation conduite par le Recteur P.O Victor KALUNGA TSHIKALA, l&#8217;Universit\u00e9 de Kalemie vient de signer un&nbsp; protocole d&#8217;accord avec l&#8217;ONG Beans 4 Women Empowerment B4WE portant sur l\u2019importance de la culture et de la consommation&hellip;","og_url":"https:\/\/unikal.ac.cd\/index.php\/luniversite-de-kalemie-signe-un-protocole-daccord-avec-beans-4-women-empowerment-be4we-a-bukavu\/","og_site_name":"Universit\u00e9 de Kalemie","article_modified_time":"2024-09-30T00:07:30+00:00","og_image":[{"width":1000,"height":750,"url":"https:\/\/unikal.ac.cd\/wp-content\/uploads\/2024\/09\/d63023de-b4d1-4d7f-a24e-c249894d1af1.jpg","type":"image\/jpeg"}],"twitter_card":"summary_large_image","twitter_misc":{"Est. reading time":"3 minutes"},"schema":{"@context":"https:\/\/schema.org","@graph":[{"@type":"WebPage","@id":"https:\/\/unikal.ac.cd\/index.php\/luniversite-de-kalemie-signe-un-protocole-daccord-avec-beans-4-women-empowerment-be4we-a-bukavu\/","url":"https:\/\/unikal.ac.cd\/index.php\/luniversite-de-kalemie-signe-un-protocole-daccord-avec-beans-4-women-empowerment-be4we-a-bukavu\/","name":"L'UNIVERSIT\u00c9 DE KALEMIE SIGNE UN PROTOCOLE D'ACCORD AVEC BEANS 4 WOMEN EMPOWERMENT (BE4WE ) A BUKAVU. - Universit\u00e9 de Kalemie","isPartOf":{"@id":"https:\/\/unikal.ac.cd\/#website"},"primaryImageOfPage":{"@id":"https:\/\/unikal.ac.cd\/index.php\/luniversite-de-kalemie-signe-un-protocole-daccord-avec-beans-4-women-empowerment-be4we-a-bukavu\/#primaryimage"},"image":{"@id":"https:\/\/unikal.ac.cd\/index.php\/luniversite-de-kalemie-signe-un-protocole-daccord-avec-beans-4-women-empowerment-be4we-a-bukavu\/#primaryimage"},"thumbnailUrl":"https:\/\/unikal.ac.cd\/wp-content\/uploads\/2024\/09\/d63023de-b4d1-4d7f-a24e-c249894d1af1.jpg","datePublished":"2024-09-29T23:53:50+00:00","dateModified":"2024-09-30T00:07:30+00:00","breadcrumb":{"@id":"https:\/\/unikal.ac.cd\/index.php\/luniversite-de-kalemie-signe-un-protocole-daccord-avec-beans-4-women-empowerment-be4we-a-bukavu\/#breadcrumb"},"inLanguage":"en-US","potentialAction":[{"@type":"ReadAction","target":["https:\/\/unikal.ac.cd\/index.php\/luniversite-de-kalemie-signe-un-protocole-daccord-avec-beans-4-women-empowerment-be4we-a-bukavu\/"]}]},{"@type":"ImageObject","inLanguage":"en-US","@id":"https:\/\/unikal.ac.cd\/index.php\/luniversite-de-kalemie-signe-un-protocole-daccord-avec-beans-4-women-empowerment-be4we-a-bukavu\/#primaryimage","url":"https:\/\/unikal.ac.cd\/wp-content\/uploads\/2024\/09\/d63023de-b4d1-4d7f-a24e-c249894d1af1.jpg","contentUrl":"https:\/\/unikal.ac.cd\/wp-content\/uploads\/2024\/09\/d63023de-b4d1-4d7f-a24e-c249894d1af1.jpg","width":1000,"height":750},{"@type":"BreadcrumbList","@id":"https:\/\/unikal.ac.cd\/index.php\/luniversite-de-kalemie-signe-un-protocole-daccord-avec-beans-4-women-empowerment-be4we-a-bukavu\/#breadcrumb","itemListElement":[{"@type":"ListItem","position":1,"name":"Home","item":"https:\/\/unikal.ac.cd\/"},{"@type":"ListItem","position":2,"name":"L&#8217;UNIVERSIT\u00c9 DE KALEMIE SIGNE UN PROTOCOLE D&#8217;ACCORD AVEC BEANS 4 WOMEN EMPOWERMENT (BE4WE ) A BUKAVU."}]},{"@type":"WebSite","@id":"https:\/\/unikal.ac.cd\/#website","url":"https:\/\/unikal.ac.cd\/","name":"Universit\u00e9 de Kalemie","description":"Lumi\u00e8re du Tanganyika","publisher":{"@id":"https:\/\/unikal.ac.cd\/#organization"},"potentialAction":[{"@type":"SearchAction","target":{"@type":"EntryPoint","urlTemplate":"https:\/\/unikal.ac.cd\/?s={search_term_string}"},"query-input":{"@type":"PropertyValueSpecification","valueRequired":true,"valueName":"search_term_string"}}],"inLanguage":"en-US"},{"@type":"Organization","@id":"https:\/\/unikal.ac.cd\/#organization","name":"Universit\u00e9 de Kalemie","url":"https:\/\/unikal.ac.cd\/","logo":{"@type":"ImageObject","inLanguage":"en-US","@id":"https:\/\/unikal.ac.cd\/#\/schema\/logo\/image\/","url":"https:\/\/unikal.ac.cd\/wp-content\/uploads\/2023\/08\/logo-unikal_013249.png","contentUrl":"https:\/\/unikal.ac.cd\/wp-content\/uploads\/2023\/08\/logo-unikal_013249.png","width":2100,"height":1500,"caption":"Universit\u00e9 de Kalemie"},"image":{"@id":"https:\/\/unikal.ac.cd\/#\/schema\/logo\/image\/"}}]}},"_links":{"self":[{"href":"https:\/\/unikal.ac.cd\/index.php\/wp-json\/wp\/v2\/pages\/976","targetHints":{"allow":["GET"]}}],"collection":[{"href":"https:\/\/unikal.ac.cd\/index.php\/wp-json\/wp\/v2\/pages"}],"about":[{"href":"https:\/\/unikal.ac.cd\/index.php\/wp-json\/wp\/v2\/types\/page"}],"author":[{"embeddable":true,"href":"https:\/\/unikal.ac.cd\/index.php\/wp-json\/wp\/v2\/users\/1"}],"replies":[{"embeddable":true,"href":"https:\/\/unikal.ac.cd\/index.php\/wp-json\/wp\/v2\/comments?post=976"}],"version-history":[{"count":7,"href":"https:\/\/unikal.ac.cd\/index.php\/wp-json\/wp\/v2\/pages\/976\/revisions"}],"predecessor-version":[{"id":984,"href":"https:\/\/unikal.ac.cd\/index.php\/wp-json\/wp\/v2\/pages\/976\/revisions\/984"}],"wp:featuredmedia":[{"embeddable":true,"href":"https:\/\/unikal.ac.cd\/index.php\/wp-json\/wp\/v2\/media\/945"}],"wp:attachment":[{"href":"https:\/\/unikal.ac.cd\/index.php\/wp-json\/wp\/v2\/media?parent=976"}],"curies":[{"name":"wp","href":"https:\/\/api.w.org\/{rel}","templated":true}]}}